{"id":49,"date":"2017-06-08T14:24:32","date_gmt":"2017-06-08T12:24:32","guid":{"rendered":"http:\/\/cukiernia.tos1.pl\/?page_id=49"},"modified":"2017-07-03T10:10:08","modified_gmt":"2017-07-03T08:10:08","slug":"bal-studniowkowy","status":"publish","type":"page","link":"http:\/\/dziedzic.sanok.pl\/sala\/bal-studniowkowy\/","title":{"rendered":"Bal studni\u00f3wkowy"},"content":{"rendered":"<blockquote><p>\u201ePoloneza czas zacz\u0105\u0107\u2026\u201d<\/p><\/blockquote>\n<p style=\"text-align: right;\"><em>&#8211; frag. Pana Tadeusza \u2013 Adam Mickiewicz<\/em><\/p>\n<p>Studni\u00f3wka to wielkie wydarzenie w\u015br\u00f3d uczni\u00f3w klas maturalnych. Jest ona znakiem ze do matury pozosta\u0142o zaledwie 100 dni. Ka\u017cdy chce, aby ta uroczysto\u015b\u0107 na zawsze zapad\u0142a w pami\u0119ci.<\/p>\n<p>Zapraszamy do nas.<\/p>\n<p>Specjalnie przygotowana oferta, wyj\u0105tkowy klimat sali i obs\u0142uga na najwy\u017cszym poziomie, zapewni\u0105 niezapomnian\u0105 zabaw\u0119, w kt\u00f3rej ka\u017cdy znajdzie co\u015b dla siebie.<\/p>\n<p>Nie zastanawiaj si\u0119. Zadzwo\u0144 ju\u017c dzi\u015b i zarezerwuj termin. Nie pozw\u00f3l by kto\u015b Cie uprzedzi\u0142.<\/p>\n<p>My zajmiemy si\u0119 ca\u0142\u0105 organizacj\u0105 i przygotowaniem, a Ty b\u0119dziesz m\u00f3g\u0142 czeka\u0107 spokojnie, a\u017c zabrzmi\u0105 pierwsze d\u017awi\u0119ki poloneza.<\/p>\n","protected":false},"excerpt":{"rendered":"<p>\u201ePoloneza czas zacz\u0105\u0107\u2026\u201d &#8211; frag. Pana Tadeusza \u2013 Adam Mickiewicz Studni\u00f3wka to wielkie wydarzenie w\u015br\u00f3d uczni\u00f3w klas maturalnych. Jest ona [&hellip;]<\/p>\n","protected":false},"author":1,"featured_media":0,"parent":0,"menu_order":0,"comment_status":"closed","ping_status":"closed","template":"page-templates\/sala.php","meta":{"_exactmetrics_skip_tracking":false,"_exactmetrics_sitenote_active":false,"_exactmetrics_sitenote_note":"","_exactmetrics_sitenote_category":0,"ngg_post_thumbnail":0},"_links":{"self":[{"href":"http:\/\/dziedzic.sanok.pl\/sala\/wp-json\/wp\/v2\/pages\/49"}],"collection":[{"href":"http:\/\/dziedzic.sanok.pl\/sala\/wp-json\/wp\/v2\/pages"}],"about":[{"href":"http:\/\/dziedzic.sanok.pl\/sala\/wp-json\/wp\/v2\/types\/page"}],"author":[{"embeddable":true,"href":"http:\/\/dziedzic.sanok.pl\/sala\/wp-json\/wp\/v2\/users\/1"}],"replies":[{"embeddable":true,"href":"http:\/\/dziedzic.sanok.pl\/sala\/wp-json\/wp\/v2\/comments?post=49"}],"version-history":[{"count":2,"href":"http:\/\/dziedzic.sanok.pl\/sala\/wp-json\/wp\/v2\/pages\/49\/revisions"}],"predecessor-version":[{"id":397,"href":"http:\/\/dziedzic.sanok.pl\/sala\/wp-json\/wp\/v2\/pages\/49\/revisions\/397"}],"wp:attachment":[{"href":"http:\/\/dziedzic.sanok.pl\/sala\/wp-json\/wp\/v2\/media?parent=49"}],"curies":[{"name":"wp","href":"https:\/\/api.w.org\/{rel}","templated":true}]}}